{"id":324,"date":"2019-08-19T19:19:08","date_gmt":"2019-08-19T17:19:08","guid":{"rendered":"http:\/\/greendolphindus.com\/?page_id=324"},"modified":"2019-09-17T18:23:58","modified_gmt":"2019-09-17T16:23:58","slug":"vita","status":"publish","type":"page","link":"https:\/\/greendolphindus.com\/?page_id=324","title":{"rendered":"Claudia"},"content":{"rendered":"\n<figure class=\"wp-block-image is-resized\"><img decoding=\"async\" data-src=\"http:\/\/greendolphindus.com\/wp-content\/uploads\/2019\/08\/ClaudiaSB.jpg\" alt=\"\" class=\"wp-image-327 lazyload\" width=\"213\" height=\"213\" src=\"data:image\/svg+xml;base64,PHN2ZyB3aWR0aD0iMSIgaGVpZ2h0PSIxIiB4bWxucz0iaHR0cDovL3d3dy53My5vcmcvMjAwMC9zdmciPjwvc3ZnPg==\" style=\"--smush-placeholder-width: 213px; --smush-placeholder-aspect-ratio: 213\/213;\" \/><\/figure>\n\n\n\n<h4 class=\"wp-block-heading\">Claudia Zurlo<\/h4>\n\n\n\n<p>geb. in Brilon<br>freischaffende Fotografin und K\u00fcnstlerin<br>mit eigenem Atelier in D\u00fcsseldorf<\/p>\n\n\n\n<h3 class=\"wp-block-heading\">&#8222;Fotografie bedeutet f\u00fcr mich bewusstes Wahrnehmen und Einfangen der Einzigartigkeit eines Augenblicks, einer Emotion, eines Charakters, einer Idee. Die Essenz von Mensch, Natur oder Architektur an die Oberfl\u00e4che zu bringen.&#8220;<\/h3>\n\n\n\n<p>Mein beruflicher Schwerpunkt ist die k\u00fcnstlerische Portraitfotografie.<br>Zu meinen Kunden geh\u00f6ren Firmen&nbsp;aus den unterschiedlichsten Branchen, Einzelunternehmer, K\u00fcnstler wie Schauspieler, T\u00e4nzer oder&nbsp;Musiker, Modedesigner aber nat\u00fcrlich auch Privatpersonen und Familien. Beispiele meiner Arbeiten finden sich unter <a href=\"http:\/\/www.claudia-zurlo.de\">www.claudia-zurlo.de<\/a><\/p>\n\n\n\n<p><\/p>\n","protected":false},"excerpt":{"rendered":"<p>Claudia Zurlo geb. in Brilonfreischaffende Fotografin und K\u00fcnstlerinmit eigenem Atelier in D\u00fcsseldorf &#8222;Fotografie bedeutet f\u00fcr mich bewusstes Wahrnehmen und Einfangen der Einzigartigkeit eines Augenblicks, einer Emotion, eines Charakters, einer Idee. Die Essenz von Mensch, Natur oder Architektur an die Oberfl\u00e4che [&hellip;]<\/p>\n","protected":false},"author":1,"featured_media":0,"parent":0,"menu_order":0,"comment_status":"closed","ping_status":"closed","template":"","meta":{"_acf_changed":false,"footnotes":""},"acf":[],"yoast_head":"<!-- This site is optimized with the Yoast SEO plugin v24.1 - https:\/\/yoast.com\/wordpress\/plugins\/seo\/ -->\n<title>Claudia - greendolphindus.com<\/title>\n<meta name=\"robots\" content=\"index, follow, max-snippet:-1, max-image-preview:large, max-video-preview:-1\" \/>\n<link rel=\"canonical\" href=\"https:\/\/greendolphindus.com\/?page_id=324\" \/>\n<meta property=\"og:locale\" content=\"de_DE\" \/>\n<meta property=\"og:type\" content=\"article\" \/>\n<meta property=\"og:title\" content=\"Claudia - greendolphindus.com\" \/>\n<meta property=\"og:description\" content=\"Claudia Zurlo geb. in Brilonfreischaffende Fotografin und K\u00fcnstlerinmit eigenem Atelier in D\u00fcsseldorf &#8222;Fotografie bedeutet f\u00fcr mich bewusstes Wahrnehmen und Einfangen der Einzigartigkeit eines Augenblicks, einer Emotion, eines Charakters, einer Idee. Die Essenz von Mensch, Natur oder Architektur an die Oberfl\u00e4che [&hellip;]\" \/>\n<meta property=\"og:url\" content=\"https:\/\/greendolphindus.com\/?page_id=324\" \/>\n<meta property=\"og:site_name\" content=\"greendolphindus.com\" \/>\n<meta property=\"article:modified_time\" content=\"2019-09-17T16:23:58+00:00\" \/>\n<meta property=\"og:image\" content=\"http:\/\/greendolphindus.com\/wp-content\/uploads\/2019\/08\/ClaudiaSB.jpg\" \/>\n<meta name=\"twitter:card\" content=\"summary_large_image\" \/>\n<script type=\"application\/ld+json\" class=\"yoast-schema-graph\">{\"@context\":\"https:\/\/schema.org\",\"@graph\":[{\"@type\":\"WebPage\",\"@id\":\"https:\/\/greendolphindus.com\/?page_id=324\",\"url\":\"https:\/\/greendolphindus.com\/?page_id=324\",\"name\":\"Claudia - greendolphindus.com\",\"isPartOf\":{\"@id\":\"https:\/\/greendolphindus.com\/#website\"},\"primaryImageOfPage\":{\"@id\":\"https:\/\/greendolphindus.com\/?page_id=324#primaryimage\"},\"image\":{\"@id\":\"https:\/\/greendolphindus.com\/?page_id=324#primaryimage\"},\"thumbnailUrl\":\"http:\/\/greendolphindus.com\/wp-content\/uploads\/2019\/08\/ClaudiaSB.jpg\",\"datePublished\":\"2019-08-19T17:19:08+00:00\",\"dateModified\":\"2019-09-17T16:23:58+00:00\",\"breadcrumb\":{\"@id\":\"https:\/\/greendolphindus.com\/?page_id=324#breadcrumb\"},\"inLanguage\":\"de-DE\",\"potentialAction\":[{\"@type\":\"ReadAction\",\"target\":[\"https:\/\/greendolphindus.com\/?page_id=324\"]}]},{\"@type\":\"ImageObject\",\"inLanguage\":\"de-DE\",\"@id\":\"https:\/\/greendolphindus.com\/?page_id=324#primaryimage\",\"url\":\"http:\/\/greendolphindus.com\/wp-content\/uploads\/2019\/08\/ClaudiaSB.jpg\",\"contentUrl\":\"http:\/\/greendolphindus.com\/wp-content\/uploads\/2019\/08\/ClaudiaSB.jpg\"},{\"@type\":\"BreadcrumbList\",\"@id\":\"https:\/\/greendolphindus.com\/?page_id=324#breadcrumb\",\"itemListElement\":[{\"@type\":\"ListItem\",\"position\":1,\"name\":\"Startseite\",\"item\":\"https:\/\/greendolphindus.com\/\"},{\"@type\":\"ListItem\",\"position\":2,\"name\":\"Claudia\"}]},{\"@type\":\"WebSite\",\"@id\":\"https:\/\/greendolphindus.com\/#website\",\"url\":\"https:\/\/greendolphindus.com\/\",\"name\":\"greendolphindus.com\",\"description\":\"\",\"potentialAction\":[{\"@type\":\"SearchAction\",\"target\":{\"@type\":\"EntryPoint\",\"urlTemplate\":\"https:\/\/greendolphindus.com\/?s={search_term_string}\"},\"query-input\":{\"@type\":\"PropertyValueSpecification\",\"valueRequired\":true,\"valueName\":\"search_term_string\"}}],\"inLanguage\":\"de-DE\"}]}<\/script>\n<!-- \/ Yoast SEO plugin. -->","yoast_head_json":{"title":"Claudia - greendolphindus.com","robots":{"index":"index","follow":"follow","max-snippet":"max-snippet:-1","max-image-preview":"max-image-preview:large","max-video-preview":"max-video-preview:-1"},"canonical":"https:\/\/greendolphindus.com\/?page_id=324","og_locale":"de_DE","og_type":"article","og_title":"Claudia - greendolphindus.com","og_description":"Claudia Zurlo geb. in Brilonfreischaffende Fotografin und K\u00fcnstlerinmit eigenem Atelier in D\u00fcsseldorf &#8222;Fotografie bedeutet f\u00fcr mich bewusstes Wahrnehmen und Einfangen der Einzigartigkeit eines Augenblicks, einer Emotion, eines Charakters, einer Idee. Die Essenz von Mensch, Natur oder Architektur an die Oberfl\u00e4che [&hellip;]","og_url":"https:\/\/greendolphindus.com\/?page_id=324","og_site_name":"greendolphindus.com","article_modified_time":"2019-09-17T16:23:58+00:00","og_image":[{"url":"http:\/\/greendolphindus.com\/wp-content\/uploads\/2019\/08\/ClaudiaSB.jpg","type":"","width":"","height":""}],"twitter_card":"summary_large_image","schema":{"@context":"https:\/\/schema.org","@graph":[{"@type":"WebPage","@id":"https:\/\/greendolphindus.com\/?page_id=324","url":"https:\/\/greendolphindus.com\/?page_id=324","name":"Claudia - greendolphindus.com","isPartOf":{"@id":"https:\/\/greendolphindus.com\/#website"},"primaryImageOfPage":{"@id":"https:\/\/greendolphindus.com\/?page_id=324#primaryimage"},"image":{"@id":"https:\/\/greendolphindus.com\/?page_id=324#primaryimage"},"thumbnailUrl":"http:\/\/greendolphindus.com\/wp-content\/uploads\/2019\/08\/ClaudiaSB.jpg","datePublished":"2019-08-19T17:19:08+00:00","dateModified":"2019-09-17T16:23:58+00:00","breadcrumb":{"@id":"https:\/\/greendolphindus.com\/?page_id=324#breadcrumb"},"inLanguage":"de-DE","potentialAction":[{"@type":"ReadAction","target":["https:\/\/greendolphindus.com\/?page_id=324"]}]},{"@type":"ImageObject","inLanguage":"de-DE","@id":"https:\/\/greendolphindus.com\/?page_id=324#primaryimage","url":"http:\/\/greendolphindus.com\/wp-content\/uploads\/2019\/08\/ClaudiaSB.jpg","contentUrl":"http:\/\/greendolphindus.com\/wp-content\/uploads\/2019\/08\/ClaudiaSB.jpg"},{"@type":"BreadcrumbList","@id":"https:\/\/greendolphindus.com\/?page_id=324#breadcrumb","itemListElement":[{"@type":"ListItem","position":1,"name":"Startseite","item":"https:\/\/greendolphindus.com\/"},{"@type":"ListItem","position":2,"name":"Claudia"}]},{"@type":"WebSite","@id":"https:\/\/greendolphindus.com\/#website","url":"https:\/\/greendolphindus.com\/","name":"greendolphindus.com","description":"","potentialAction":[{"@type":"SearchAction","target":{"@type":"EntryPoint","urlTemplate":"https:\/\/greendolphindus.com\/?s={search_term_string}"},"query-input":{"@type":"PropertyValueSpecification","valueRequired":true,"valueName":"search_term_string"}}],"inLanguage":"de-DE"}]}},"_links":{"self":[{"href":"https:\/\/greendolphindus.com\/index.php?rest_route=\/wp\/v2\/pages\/324"}],"collection":[{"href":"https:\/\/greendolphindus.com\/index.php?rest_route=\/wp\/v2\/pages"}],"about":[{"href":"https:\/\/greendolphindus.com\/index.php?rest_route=\/wp\/v2\/types\/page"}],"author":[{"embeddable":true,"href":"https:\/\/greendolphindus.com\/index.php?rest_route=\/wp\/v2\/users\/1"}],"replies":[{"embeddable":true,"href":"https:\/\/greendolphindus.com\/index.php?rest_route=%2Fwp%2Fv2%2Fcomments&post=324"}],"version-history":[{"count":9,"href":"https:\/\/greendolphindus.com\/index.php?rest_route=\/wp\/v2\/pages\/324\/revisions"}],"predecessor-version":[{"id":372,"href":"https:\/\/greendolphindus.com\/index.php?rest_route=\/wp\/v2\/pages\/324\/revisions\/372"}],"wp:attachment":[{"href":"https:\/\/greendolphindus.com\/index.php?rest_route=%2Fwp%2Fv2%2Fmedia&parent=324"}],"curies":[{"name":"wp","href":"https:\/\/api.w.org\/{rel}","templated":true}]}}